{"id":3193,"date":"2021-04-27T13:58:52","date_gmt":"2021-04-27T11:58:52","guid":{"rendered":"https:\/\/troczewski2.pl\/?page_id=3193"},"modified":"2022-03-10T10:27:41","modified_gmt":"2022-03-10T09:27:41","slug":"technik-technologii-zywnosci","status":"publish","type":"page","link":"https:\/\/troczewski2.pl\/index.php\/technik-technologii-zywnosci\/","title":{"rendered":"Technik Technologii \u017bywno\u015bci"},"content":{"rendered":"\t\t<div data-elementor-type=\"wp-page\" data-elementor-id=\"3193\" class=\"elementor elementor-3193\" data-elementor-settings=\"[]\">\n\t\t\t\t\t\t\t<div class=\"elementor-section-wrap\">\n\t\t\t\t\t\t\t<section class=\"elementor-section elementor-top-section elementor-element elementor-element-22f2184 elementor-section-boxed elementor-section-height-default elementor-section-height-default elementor-invisible\" data-id=\"22f2184\" data-element_type=\"section\" data-settings=\"{&quot;animation&quot;:&quot;zoomIn&quot;}\">\n\t\t\t\t\t\t<div class=\"elementor-container elementor-column-gap-default\">\n\t\t\t\t\t<div class=\"elementor-column elementor-col-100 elementor-top-column elementor-element elementor-element-db52d76\" data-id=\"db52d76\" data-element_type=\"column\">\n\t\t\t<div class=\"elementor-widget-wrap elementor-element-populated\">\n\t\t\t\t\t\t\t\t<div class=\"elementor-element elementor-element-6b97b52 elementor-widget elementor-widget-heading\" data-id=\"6b97b52\" data-element_type=\"widget\" data-widget_type=\"heading.default\">\n\t\t\t\t<div class=\"elementor-widget-container\">\n\t\t\t<h2 class=\"elementor-heading-title elementor-size-xl\">TECHNIK TECHNOLOGII \u017bYWNO\u015aCI<\/h2>\t\t<\/div>\n\t\t\t\t<\/div>\n\t\t\t\t\t<\/div>\n\t\t<\/div>\n\t\t\t\t\t\t\t<\/div>\n\t\t<\/section>\n\t\t\t\t<section class=\"elementor-section elementor-top-section elementor-element elementor-element-ef9f525 elementor-section-boxed elementor-section-height-default elementor-section-height-default\" data-id=\"ef9f525\" data-element_type=\"section\">\n\t\t\t\t\t\t<div class=\"elementor-container elementor-column-gap-default\">\n\t\t\t\t\t<div class=\"elementor-column elementor-col-100 elementor-top-column elementor-element elementor-element-3bc59cf\" data-id=\"3bc59cf\" data-element_type=\"column\">\n\t\t\t<div class=\"elementor-widget-wrap elementor-element-populated\">\n\t\t\t\t\t\t\t\t<div class=\"elementor-element elementor-element-d98cdc1 elementor-widget elementor-widget-spacer\" data-id=\"d98cdc1\" data-element_type=\"widget\" data-widget_type=\"spacer.default\">\n\t\t\t\t<div class=\"elementor-widget-container\">\n\t\t\t\t\t<div class=\"elementor-spacer\">\n\t\t\t<div class=\"elementor-spacer-inner\"><\/div>\n\t\t<\/div>\n\t\t\t\t<\/div>\n\t\t\t\t<\/div>\n\t\t\t\t<div class=\"elementor-element elementor-element-19b3adf elementor-pagination-position-outside elementor-invisible elementor-widget elementor-widget-image-carousel\" data-id=\"19b3adf\" data-element_type=\"widget\" data-settings=\"{&quot;slides_to_show&quot;:&quot;1&quot;,&quot;navigation&quot;:&quot;dots&quot;,&quot;_animation&quot;:&quot;zoomIn&quot;,&quot;autoplay&quot;:&quot;yes&quot;,&quot;pause_on_hover&quot;:&quot;yes&quot;,&quot;pause_on_interaction&quot;:&quot;yes&quot;,&quot;autoplay_speed&quot;:5000,&quot;infinite&quot;:&quot;yes&quot;,&quot;effect&quot;:&quot;slide&quot;,&quot;speed&quot;:500}\" data-widget_type=\"image-carousel.default\">\n\t\t\t\t<div class=\"elementor-widget-container\">\n\t\t\t\t\t<div class=\"elementor-image-carousel-wrapper swiper-container\" dir=\"ltr\">\n\t\t\t<div class=\"elementor-image-carousel swiper-wrapper\">\n\t\t\t\t\t\t\t\t<div class=\"swiper-slide\"><figure class=\"swiper-slide-inner\"><img class=\"swiper-slide-image\" src=\"https:\/\/troczewski2.pl\/wp-content\/uploads\/2021\/04\/engineer-4915445_1920-768x512.jpg\" alt=\"engineer-4915445_1920\" \/><\/figure><\/div><div class=\"swiper-slide\"><figure class=\"swiper-slide-inner\"><img class=\"swiper-slide-image\" src=\"https:\/\/troczewski2.pl\/wp-content\/uploads\/2021\/04\/laboratory-2815643_1920-768x512.jpg\" alt=\"laboratory-2815643_1920\" \/><\/figure><\/div><div class=\"swiper-slide\"><figure class=\"swiper-slide-inner\"><img class=\"swiper-slide-image\" src=\"https:\/\/troczewski2.pl\/wp-content\/uploads\/2021\/04\/laboratory-2815641_1920-768x512.jpg\" alt=\"laboratory-2815641_1920\" \/><\/figure><\/div><div class=\"swiper-slide\"><figure class=\"swiper-slide-inner\"><img class=\"swiper-slide-image\" src=\"https:\/\/troczewski2.pl\/wp-content\/uploads\/2022\/03\/272064616_1370030850084715_8088095347651182779_n.jpg\" alt=\"272064616_1370030850084715_8088095347651182779_n\" \/><\/figure><\/div><div class=\"swiper-slide\"><figure class=\"swiper-slide-inner\"><img class=\"swiper-slide-image\" src=\"https:\/\/troczewski2.pl\/wp-content\/uploads\/2022\/03\/272496048_641294266921785_2112795603862181924_n-768x1024.jpg\" alt=\"272496048_641294266921785_2112795603862181924_n\" \/><\/figure><\/div><div class=\"swiper-slide\"><figure class=\"swiper-slide-inner\"><img class=\"swiper-slide-image\" src=\"https:\/\/troczewski2.pl\/wp-content\/uploads\/2022\/03\/273022500_1070245513549305_9159526914176061252_n.jpg\" alt=\"273022500_1070245513549305_9159526914176061252_n\" \/><\/figure><\/div><div class=\"swiper-slide\"><figure class=\"swiper-slide-inner\"><img class=\"swiper-slide-image\" src=\"https:\/\/troczewski2.pl\/wp-content\/uploads\/2022\/03\/1646464465920-768x760.jpg\" alt=\"1646464465920\" \/><\/figure><\/div><div class=\"swiper-slide\"><figure class=\"swiper-slide-inner\"><img class=\"swiper-slide-image\" src=\"https:\/\/troczewski2.pl\/wp-content\/uploads\/2022\/03\/pobrane-1-768x768.jpg\" alt=\"pobrane (1)\" \/><\/figure><\/div><div class=\"swiper-slide\"><figure class=\"swiper-slide-inner\"><img class=\"swiper-slide-image\" src=\"https:\/\/troczewski2.pl\/wp-content\/uploads\/2022\/03\/pobrane-4-768x521.jpg\" alt=\"pobrane (4)\" \/><\/figure><\/div>\t\t\t<\/div>\n\t\t\t\t\t\t\t\t\t\t\t\t<div class=\"swiper-pagination\"><\/div>\n\t\t\t\t\t\t\t\t\t\t\t\t\t<\/div>\n\t\t\t\t<\/div>\n\t\t\t\t<\/div>\n\t\t\t\t\t<\/div>\n\t\t<\/div>\n\t\t\t\t\t\t\t<\/div>\n\t\t<\/section>\n\t\t\t\t<section class=\"elementor-section elementor-top-section elementor-element elementor-element-691514d elementor-section-boxed elementor-section-height-default elementor-section-height-default elementor-invisible\" data-id=\"691514d\" data-element_type=\"section\" data-settings=\"{&quot;animation&quot;:&quot;zoomIn&quot;}\">\n\t\t\t\t\t\t<div class=\"elementor-container elementor-column-gap-default\">\n\t\t\t\t\t<div class=\"elementor-column elementor-col-100 elementor-top-column elementor-element elementor-element-3952fa9\" data-id=\"3952fa9\" data-element_type=\"column\">\n\t\t\t<div class=\"elementor-widget-wrap elementor-element-populated\">\n\t\t\t\t\t\t\t\t<div class=\"elementor-element elementor-element-d70cad0 elementor-widget elementor-widget-spacer\" data-id=\"d70cad0\" data-element_type=\"widget\" data-widget_type=\"spacer.default\">\n\t\t\t\t<div class=\"elementor-widget-container\">\n\t\t\t\t\t<div class=\"elementor-spacer\">\n\t\t\t<div class=\"elementor-spacer-inner\"><\/div>\n\t\t<\/div>\n\t\t\t\t<\/div>\n\t\t\t\t<\/div>\n\t\t\t\t<div class=\"elementor-element elementor-element-e456541 elementor-widget elementor-widget-text-editor\" data-id=\"e456541\" data-element_type=\"widget\" data-widget_type=\"text-editor.default\">\n\t\t\t\t<div class=\"elementor-widget-container\">\n\t\t\t\t\t\t\t<div><div><div><p>Technik technologii \u017cywno\u015bci to zaw\u00f3d, dzi\u0119ki kt\u00f3remu poznasz\u00a0tajniki produkcji artyku\u0142\u00f3w spo\u017cywczych, dowiesz si\u0119 jak planowa\u0107, organizowa\u0107 oraz nadzorowa\u0107 proces ich wytwarzania. Zdob\u0119dziesz niezb\u0119dn\u0105 wiedz\u0119 z zakresu oceny jako\u015bciowej wyrob\u00f3w, sporz\u0105dzania nowych receptur oraz modyfikowania ju\u017c istniej\u0105cych zgodnie z nowoczesnymi trendami \u017cywienia i produkcji \u017cywno\u015bci.W szkole kszta\u0142c\u0105cej w zawodzie technik technologii \u017cywno\u015bci zdob\u0119dziesz umiej\u0119tno\u015bci niezb\u0119dne do:<\/p><ul><li>planowania i prowadzenia proces\u00f3w produkcji \u017cywno\u015bci<\/li><li>kontroli jako\u015bci i bezpiecze\u0144stwa \u017cywno\u015bci<\/li><li>prowadzenia bada\u0144 laboratoryjnych \u017cywno\u015bci.<\/li><\/ul><p><strong>Czekaj\u0105 na Ciebie atrakcyjne miejsca pracy:<\/strong><\/p><ul><li>laboratoria badaj\u0105ce jako\u015b\u0107 \u017cywno\u015bci<\/li><li>przedsi\u0119biorstwa zajmuj\u0105ce si\u0119 przetw\u00f3rstwem i produkcj\u0105 wyrob\u00f3w spo\u017cywczych<\/li><li>centra dystrybucyjne i logistyczne produkt\u00f3w spo\u017cywczych.<\/li><\/ul><p>\u00a0<\/p><div><span style=\"font-family: Raleway, sans-serif;\"><span style=\"font-size: 18px;\">\u00a0<\/span><\/span><\/div><div><span style=\"font-family: Raleway, sans-serif;\"><span style=\"font-size: 18px;\">Przekazuj\u0105c uczniom technikum wiedz\u0119 fachow\u0105 z zakresu technologii \u017cywno\u015bci, r\u00f3wnolegle przygotowujemy ich do poszukiwania i podj\u0119cia pracy zawodowej z kraju i na terenie pa\u0144stw Unii Europejskiej.<\/span><\/span><\/div><\/div><\/div><\/div>\t\t\t\t\t\t<\/div>\n\t\t\t\t<\/div>\n\t\t\t\t\t<\/div>\n\t\t<\/div>\n\t\t\t\t\t\t\t<\/div>\n\t\t<\/section>\n\t\t\t\t<section class=\"elementor-section elementor-top-section elementor-element elementor-element-2a01f31 elementor-section-boxed elementor-section-height-default elementor-section-height-default\" data-id=\"2a01f31\" data-element_type=\"section\">\n\t\t\t\t\t\t<div class=\"elementor-container elementor-column-gap-default\">\n\t\t\t\t\t<div class=\"elementor-column elementor-col-100 elementor-top-column elementor-element elementor-element-0dc342f\" data-id=\"0dc342f\" data-element_type=\"column\">\n\t\t\t<div class=\"elementor-widget-wrap elementor-element-populated\">\n\t\t\t\t\t\t\t\t<div class=\"elementor-element elementor-element-bb2f493 elementor-widget elementor-widget-spacer\" data-id=\"bb2f493\" data-element_type=\"widget\" data-widget_type=\"spacer.default\">\n\t\t\t\t<div class=\"elementor-widget-container\">\n\t\t\t\t\t<div class=\"elementor-spacer\">\n\t\t\t<div class=\"elementor-spacer-inner\"><\/div>\n\t\t<\/div>\n\t\t\t\t<\/div>\n\t\t\t\t<\/div>\n\t\t\t\t\t<\/div>\n\t\t<\/div>\n\t\t\t\t\t\t\t<\/div>\n\t\t<\/section>\n\t\t\t\t<section class=\"elementor-section elementor-top-section elementor-element elementor-element-56a6534 elementor-section-boxed elementor-section-height-default elementor-section-height-default elementor-invisible\" data-id=\"56a6534\" data-element_type=\"section\" data-settings=\"{&quot;animation&quot;:&quot;zoomIn&quot;}\">\n\t\t\t\t\t\t<div class=\"elementor-container elementor-column-gap-default\">\n\t\t\t\t\t<div class=\"elementor-column elementor-col-100 elementor-top-column elementor-element elementor-element-65febc4\" data-id=\"65febc4\" data-element_type=\"column\">\n\t\t\t<div class=\"elementor-widget-wrap elementor-element-populated\">\n\t\t\t\t\t\t\t\t<div class=\"elementor-element elementor-element-f9df7d9 elementor-aspect-ratio-169 elementor-widget elementor-widget-video\" data-id=\"f9df7d9\" data-element_type=\"widget\" data-settings=\"{&quot;youtube_url&quot;:&quot;https:\\\/\\\/www.youtube.com\\\/watch?v=LgvwK6yNL68&quot;,&quot;video_type&quot;:&quot;youtube&quot;,&quot;controls&quot;:&quot;yes&quot;,&quot;aspect_ratio&quot;:&quot;169&quot;}\" data-widget_type=\"video.default\">\n\t\t\t\t<div class=\"elementor-widget-container\">\n\t\t\t\t\t<div class=\"elementor-wrapper elementor-fit-aspect-ratio elementor-open-inline\">\n\t\t\t<div class=\"elementor-video\"><\/div>\t\t<\/div>\n\t\t\t\t<\/div>\n\t\t\t\t<\/div>\n\t\t\t\t\t<\/div>\n\t\t<\/div>\n\t\t\t\t\t\t\t<\/div>\n\t\t<\/section>\n\t\t\t\t\t\t<\/div>\n\t\t\t\t\t<\/div>\n\t\t","protected":false},"excerpt":{"rendered":"<p>TECHNIK TECHNOLOGII \u017bYWNO\u015aCI Technik technologii \u017cywno\u015bci to zaw\u00f3d, dzi\u0119ki kt\u00f3remu poznasz\u00a0tajniki produkcji artyku\u0142\u00f3w spo\u017cywczych, dowiesz si\u0119 jak planowa\u0107, organizowa\u0107 oraz nadzorowa\u0107 proces ich wytwarzania. Zdob\u0119dziesz niezb\u0119dn\u0105 wiedz\u0119 z zakresu oceny jako\u015bciowej wyrob\u00f3w, sporz\u0105dzania nowych receptur oraz modyfikowania ju\u017c istniej\u0105cych zgodnie z nowoczesnymi trendami \u017cywienia i produkcji \u017cywno\u015bci.W szkole kszta\u0142c\u0105cej w zawodzie technik technologii \u017cywno\u015bci zdob\u0119dziesz [&hellip;]<\/p>\n","protected":false},"author":1,"featured_media":0,"parent":0,"menu_order":0,"comment_status":"closed","ping_status":"closed","template":"","meta":[],"_links":{"self":[{"href":"https:\/\/troczewski2.pl\/index.php\/wp-json\/wp\/v2\/pages\/3193"}],"collection":[{"href":"https:\/\/troczewski2.pl\/index.php\/wp-json\/wp\/v2\/pages"}],"about":[{"href":"https:\/\/troczewski2.pl\/index.php\/wp-json\/wp\/v2\/types\/page"}],"author":[{"embeddable":true,"href":"https:\/\/troczewski2.pl\/index.php\/wp-json\/wp\/v2\/users\/1"}],"replies":[{"embeddable":true,"href":"https:\/\/troczewski2.pl\/index.php\/wp-json\/wp\/v2\/comments?post=3193"}],"version-history":[{"count":16,"href":"https:\/\/troczewski2.pl\/index.php\/wp-json\/wp\/v2\/pages\/3193\/revisions"}],"predecessor-version":[{"id":5479,"href":"https:\/\/troczewski2.pl\/index.php\/wp-json\/wp\/v2\/pages\/3193\/revisions\/5479"}],"wp:attachment":[{"href":"https:\/\/troczewski2.pl\/index.php\/wp-json\/wp\/v2\/media?parent=3193"}],"curies":[{"name":"wp","href":"https:\/\/api.w.org\/{rel}","templated":true}]}}