{"id":3942,"date":"2021-05-17T09:44:50","date_gmt":"2021-05-17T07:44:50","guid":{"rendered":"https:\/\/troczewski2.pl\/?page_id=3942"},"modified":"2021-05-17T09:48:47","modified_gmt":"2021-05-17T07:48:47","slug":"sekcja-informacyjno-dziennikarska-samorzadu-uczniowskiego","status":"publish","type":"page","link":"https:\/\/troczewski2.pl\/index.php\/sekcja-informacyjno-dziennikarska-samorzadu-uczniowskiego\/","title":{"rendered":"SEKCJA <\/br> INFORMACYJNO &#8211; DZIENNIKARSKA <\/br> SAMORZ\u0104DU UCZNIOWSKIEGO"},"content":{"rendered":"\t\t<div data-elementor-type=\"wp-page\" data-elementor-id=\"3942\" class=\"elementor elementor-3942\" data-elementor-settings=\"[]\">\n\t\t\t\t\t\t\t<div class=\"elementor-section-wrap\">\n\t\t\t\t\t\t\t<section class=\"elementor-section elementor-top-section elementor-element elementor-element-d230c55 elementor-section-boxed elementor-section-height-default elementor-section-height-default elementor-invisible\" data-id=\"d230c55\" data-element_type=\"section\" data-settings=\"{&quot;animation&quot;:&quot;zoomIn&quot;}\">\n\t\t\t\t\t\t<div class=\"elementor-container elementor-column-gap-default\">\n\t\t\t\t\t<div class=\"elementor-column elementor-col-100 elementor-top-column elementor-element elementor-element-7661fef\" data-id=\"7661fef\" data-element_type=\"column\">\n\t\t\t<div class=\"elementor-widget-wrap elementor-element-populated\">\n\t\t\t\t\t\t\t\t<div class=\"elementor-element elementor-element-248c0b0 elementor-widget elementor-widget-heading\" data-id=\"248c0b0\" data-element_type=\"widget\" data-widget_type=\"heading.default\">\n\t\t\t\t<div class=\"elementor-widget-container\">\n\t\t\t<h1 class=\"elementor-heading-title elementor-size-xl\">SEKCJA INFORMACYJNO - DZIENNIKARSKA<br>SAMORZ\u0104DU UCZNIOWSKIEGO<\/h1>\t\t<\/div>\n\t\t\t\t<\/div>\n\t\t\t\t\t<\/div>\n\t\t<\/div>\n\t\t\t\t\t\t\t<\/div>\n\t\t<\/section>\n\t\t\t\t<section class=\"elementor-section elementor-top-section elementor-element elementor-element-fa3d0ee elementor-section-boxed elementor-section-height-default elementor-section-height-default\" data-id=\"fa3d0ee\" data-element_type=\"section\">\n\t\t\t\t\t\t<div class=\"elementor-container elementor-column-gap-default\">\n\t\t\t\t\t<div class=\"elementor-column elementor-col-100 elementor-top-column elementor-element elementor-element-5a973a1\" data-id=\"5a973a1\" data-element_type=\"column\">\n\t\t\t<div class=\"elementor-widget-wrap elementor-element-populated\">\n\t\t\t\t\t\t\t\t<div class=\"elementor-element elementor-element-8616b24 elementor-widget elementor-widget-spacer\" data-id=\"8616b24\" data-element_type=\"widget\" data-widget_type=\"spacer.default\">\n\t\t\t\t<div class=\"elementor-widget-container\">\n\t\t\t\t\t<div class=\"elementor-spacer\">\n\t\t\t<div class=\"elementor-spacer-inner\"><\/div>\n\t\t<\/div>\n\t\t\t\t<\/div>\n\t\t\t\t<\/div>\n\t\t\t\t\t<\/div>\n\t\t<\/div>\n\t\t\t\t\t\t\t<\/div>\n\t\t<\/section>\n\t\t\t\t<section class=\"elementor-section elementor-top-section elementor-element elementor-element-c3850ec elementor-section-boxed elementor-section-height-default elementor-section-height-default elementor-invisible\" data-id=\"c3850ec\" data-element_type=\"section\" data-settings=\"{&quot;animation&quot;:&quot;zoomIn&quot;}\">\n\t\t\t\t\t\t<div class=\"elementor-container elementor-column-gap-default\">\n\t\t\t\t\t<div class=\"elementor-column elementor-col-100 elementor-top-column elementor-element elementor-element-07a039c\" data-id=\"07a039c\" data-element_type=\"column\">\n\t\t\t<div class=\"elementor-widget-wrap elementor-element-populated\">\n\t\t\t\t\t\t\t\t<div class=\"elementor-element elementor-element-6f49bf5 elementor-widget elementor-widget-image\" data-id=\"6f49bf5\" data-element_type=\"widget\" data-widget_type=\"image.default\">\n\t\t\t\t<div class=\"elementor-widget-container\">\n\t\t\t\t\t\t\t\t\t\t\t\t\t\t\t<img width=\"1024\" height=\"683\" src=\"https:\/\/troczewski2.pl\/wp-content\/uploads\/2021\/05\/cms-265127_1920-1024x683.jpg\" class=\"attachment-large size-large\" alt=\"\" srcset=\"https:\/\/troczewski2.pl\/wp-content\/uploads\/2021\/05\/cms-265127_1920-1024x683.jpg 1024w, https:\/\/troczewski2.pl\/wp-content\/uploads\/2021\/05\/cms-265127_1920-300x200.jpg 300w, https:\/\/troczewski2.pl\/wp-content\/uploads\/2021\/05\/cms-265127_1920-768x512.jpg 768w, https:\/\/troczewski2.pl\/wp-content\/uploads\/2021\/05\/cms-265127_1920-1536x1024.jpg 1536w, https:\/\/troczewski2.pl\/wp-content\/uploads\/2021\/05\/cms-265127_1920.jpg 1920w\" sizes=\"(max-width: 1024px) 100vw, 1024px\" \/>\t\t\t\t\t\t\t\t\t\t\t\t\t\t\t<\/div>\n\t\t\t\t<\/div>\n\t\t\t\t\t<\/div>\n\t\t<\/div>\n\t\t\t\t\t\t\t<\/div>\n\t\t<\/section>\n\t\t\t\t<section class=\"elementor-section elementor-top-section elementor-element elementor-element-5e0b589 elementor-section-boxed elementor-section-height-default elementor-section-height-default elementor-invisible\" data-id=\"5e0b589\" data-element_type=\"section\" data-settings=\"{&quot;animation&quot;:&quot;zoomIn&quot;}\">\n\t\t\t\t\t\t<div class=\"elementor-container elementor-column-gap-default\">\n\t\t\t\t\t<div class=\"elementor-column elementor-col-100 elementor-top-column elementor-element elementor-element-efe1ee1\" data-id=\"efe1ee1\" data-element_type=\"column\">\n\t\t\t<div class=\"elementor-widget-wrap elementor-element-populated\">\n\t\t\t\t\t\t\t\t<div class=\"elementor-element elementor-element-78d2f79 elementor-widget elementor-widget-spacer\" data-id=\"78d2f79\" data-element_type=\"widget\" data-widget_type=\"spacer.default\">\n\t\t\t\t<div class=\"elementor-widget-container\">\n\t\t\t\t\t<div class=\"elementor-spacer\">\n\t\t\t<div class=\"elementor-spacer-inner\"><\/div>\n\t\t<\/div>\n\t\t\t\t<\/div>\n\t\t\t\t<\/div>\n\t\t\t\t<div class=\"elementor-element elementor-element-b391e84 elementor-widget elementor-widget-text-editor\" data-id=\"b391e84\" data-element_type=\"widget\" data-widget_type=\"text-editor.default\">\n\t\t\t\t<div class=\"elementor-widget-container\">\n\t\t\t\t\t\t\t<div>\n<div>\n<div>\n<div>\n<div><div><font face=\"Raleway, sans-serif\"><span style=\"font-size: 18px;\">Opiekunem sekcji informacyjno-dziennikarskiej Samorz\u0105du Uczniowskiego jest pani Karolina Char\u0105\u017cka.&nbsp;<\/span><\/font><\/div><div><font face=\"Raleway, sans-serif\"><span style=\"font-size: 18px;\"><br><\/span><\/font><\/div><div><font face=\"Raleway, sans-serif\"><span style=\"font-size: 18px;\">Do zada\u0144 cz\u0142onk\u00f3w sekcji nale\u017cy przekazywanie informacji o aktualnych wydarzeniach w szkole i poza szko\u0142\u0105, o planowanych przedsi\u0119wzi\u0119ciach Samorz\u0105du Uczniowskiego, redagowanie informacji zamieszczanych na stronie internetowej szko\u0142y i na Facebooku oraz okazjonalnie wydawanie szkolnej gazetki.<\/span><\/font><\/div><div><font face=\"Raleway, sans-serif\"><span style=\"font-size: 18px;\"><br><\/span><\/font><\/div><div><font face=\"Raleway, sans-serif\"><span style=\"font-size: 18px;\">Je\u015bli chcecie sprawdzi\u0107 swoje mo\u017cliwo\u015bci w dziedzinie dziennikarstwa, zach\u0119camy do wsp\u00f3\u0142pracy.&nbsp;<\/span><\/font><\/div><div><font face=\"Raleway, sans-serif\"><span style=\"font-size: 18px;\"><br><\/span><\/font><\/div><div><font face=\"Raleway, sans-serif\"><span style=\"font-size: 18px;\">Wszelkich informacji udziela p. Char\u0105\u017cka.<\/span><\/font><\/div><\/div>\n<\/div>\n<\/div>\n<\/div>\n<\/div>\t\t\t\t\t\t<\/div>\n\t\t\t\t<\/div>\n\t\t\t\t\t<\/div>\n\t\t<\/div>\n\t\t\t\t\t\t\t<\/div>\n\t\t<\/section>\n\t\t\t\t\t\t<\/div>\n\t\t\t\t\t<\/div>\n\t\t","protected":false},"excerpt":{"rendered":"<p>SEKCJA INFORMACYJNO &#8211; DZIENNIKARSKASAMORZ\u0104DU UCZNIOWSKIEGO Opiekunem sekcji informacyjno-dziennikarskiej Samorz\u0105du Uczniowskiego jest pani Karolina Char\u0105\u017cka.&nbsp;Do zada\u0144 cz\u0142onk\u00f3w sekcji nale\u017cy przekazywanie informacji o aktualnych wydarzeniach w szkole i poza szko\u0142\u0105, o planowanych przedsi\u0119wzi\u0119ciach Samorz\u0105du Uczniowskiego, redagowanie informacji zamieszczanych na stronie internetowej szko\u0142y i na Facebooku oraz okazjonalnie wydawanie szkolnej gazetki.Je\u015bli chcecie sprawdzi\u0107 swoje mo\u017cliwo\u015bci w dziedzinie dziennikarstwa, [&hellip;]<\/p>\n","protected":false},"author":1,"featured_media":0,"parent":0,"menu_order":0,"comment_status":"closed","ping_status":"closed","template":"","meta":[],"_links":{"self":[{"href":"https:\/\/troczewski2.pl\/index.php\/wp-json\/wp\/v2\/pages\/3942"}],"collection":[{"href":"https:\/\/troczewski2.pl\/index.php\/wp-json\/wp\/v2\/pages"}],"about":[{"href":"https:\/\/troczewski2.pl\/index.php\/wp-json\/wp\/v2\/types\/page"}],"author":[{"embeddable":true,"href":"https:\/\/troczewski2.pl\/index.php\/wp-json\/wp\/v2\/users\/1"}],"replies":[{"embeddable":true,"href":"https:\/\/troczewski2.pl\/index.php\/wp-json\/wp\/v2\/comments?post=3942"}],"version-history":[{"count":7,"href":"https:\/\/troczewski2.pl\/index.php\/wp-json\/wp\/v2\/pages\/3942\/revisions"}],"predecessor-version":[{"id":3951,"href":"https:\/\/troczewski2.pl\/index.php\/wp-json\/wp\/v2\/pages\/3942\/revisions\/3951"}],"wp:attachment":[{"href":"https:\/\/troczewski2.pl\/index.php\/wp-json\/wp\/v2\/media?parent=3942"}],"curies":[{"name":"wp","href":"https:\/\/api.w.org\/{rel}","templated":true}]}}