{"id":4005,"date":"2021-05-17T10:14:08","date_gmt":"2021-05-17T08:14:08","guid":{"rendered":"https:\/\/troczewski2.pl\/?page_id=4005"},"modified":"2025-10-03T21:01:29","modified_gmt":"2025-10-03T19:01:29","slug":"szkolny-klub-wolontariusza","status":"publish","type":"page","link":"https:\/\/troczewski2.pl\/index.php\/szkolny-klub-wolontariusza\/","title":{"rendered":"SZKOLNY KLUB WOLONTARIATU"},"content":{"rendered":"\t\t<div data-elementor-type=\"wp-page\" data-elementor-id=\"4005\" class=\"elementor elementor-4005\" data-elementor-settings=\"[]\">\n\t\t\t\t\t\t\t<div class=\"elementor-section-wrap\">\n\t\t\t\t\t\t\t<section class=\"elementor-section elementor-top-section elementor-element elementor-element-1a517b3 elementor-section-boxed elementor-section-height-default elementor-section-height-default elementor-invisible\" data-id=\"1a517b3\" data-element_type=\"section\" data-settings=\"{&quot;animation&quot;:&quot;zoomIn&quot;}\">\n\t\t\t\t\t\t<div class=\"elementor-container elementor-column-gap-default\">\n\t\t\t\t\t<div class=\"elementor-column elementor-col-100 elementor-top-column elementor-element elementor-element-d872492\" data-id=\"d872492\" data-element_type=\"column\">\n\t\t\t<div class=\"elementor-widget-wrap elementor-element-populated\">\n\t\t\t\t\t\t\t\t<div class=\"elementor-element elementor-element-2663adc elementor-widget elementor-widget-heading\" data-id=\"2663adc\" data-element_type=\"widget\" data-widget_type=\"heading.default\">\n\t\t\t\t<div class=\"elementor-widget-container\">\n\t\t\t<h1 class=\"elementor-heading-title elementor-size-xl\">SZKOLNY KLUB WOLONTARIATU<\/h1>\t\t<\/div>\n\t\t\t\t<\/div>\n\t\t\t\t\t<\/div>\n\t\t<\/div>\n\t\t\t\t\t\t\t<\/div>\n\t\t<\/section>\n\t\t\t\t<section class=\"elementor-section elementor-top-section elementor-element elementor-element-e248257 elementor-section-boxed elementor-section-height-default elementor-section-height-default\" data-id=\"e248257\" data-element_type=\"section\">\n\t\t\t\t\t\t<div class=\"elementor-container elementor-column-gap-default\">\n\t\t\t\t\t<div class=\"elementor-column elementor-col-100 elementor-top-column elementor-element elementor-element-086f893\" data-id=\"086f893\" data-element_type=\"column\">\n\t\t\t<div class=\"elementor-widget-wrap elementor-element-populated\">\n\t\t\t\t\t\t\t\t<div class=\"elementor-element elementor-element-714d5e8 elementor-arrows-position-inside elementor-pagination-position-outside elementor-widget elementor-widget-image-carousel\" data-id=\"714d5e8\" data-element_type=\"widget\" data-settings=\"{&quot;navigation&quot;:&quot;both&quot;,&quot;autoplay&quot;:&quot;yes&quot;,&quot;pause_on_hover&quot;:&quot;yes&quot;,&quot;pause_on_interaction&quot;:&quot;yes&quot;,&quot;autoplay_speed&quot;:5000,&quot;infinite&quot;:&quot;yes&quot;,&quot;speed&quot;:500}\" data-widget_type=\"image-carousel.default\">\n\t\t\t\t<div class=\"elementor-widget-container\">\n\t\t\t\t\t<div class=\"elementor-image-carousel-wrapper swiper-container\" dir=\"ltr\">\n\t\t\t<div class=\"elementor-image-carousel swiper-wrapper\">\n\t\t\t\t\t\t\t\t<div class=\"swiper-slide\"><figure class=\"swiper-slide-inner\"><img class=\"swiper-slide-image\" src=\"https:\/\/troczewski2.pl\/wp-content\/uploads\/2025\/10\/IMG_20251003_154822-150x150.jpg\" alt=\"IMG_20251003_154822\" \/><\/figure><\/div><div class=\"swiper-slide\"><figure class=\"swiper-slide-inner\"><img class=\"swiper-slide-image\" src=\"https:\/\/troczewski2.pl\/wp-content\/uploads\/2025\/10\/IMG_20251003_154834-150x150.jpg\" alt=\"IMG_20251003_154834\" \/><\/figure><\/div>\t\t\t<\/div>\n\t\t\t\t\t\t\t\t\t\t\t\t<div class=\"swiper-pagination\"><\/div>\n\t\t\t\t\t\t\t\t\t\t\t\t\t<div class=\"elementor-swiper-button elementor-swiper-button-prev\">\n\t\t\t\t\t\t<i class=\"eicon-chevron-left\" aria-hidden=\"true\"><\/i>\n\t\t\t\t\t\t<span class=\"elementor-screen-only\">Poprzednie<\/span>\n\t\t\t\t\t<\/div>\n\t\t\t\t\t<div class=\"elementor-swiper-button elementor-swiper-button-next\">\n\t\t\t\t\t\t<i class=\"eicon-chevron-right\" aria-hidden=\"true\"><\/i>\n\t\t\t\t\t\t<span class=\"elementor-screen-only\">Nast\u0119pne<\/span>\n\t\t\t\t\t<\/div>\n\t\t\t\t\t\t\t\t\t<\/div>\n\t\t\t\t<\/div>\n\t\t\t\t<\/div>\n\t\t\t\t\t<\/div>\n\t\t<\/div>\n\t\t\t\t\t\t\t<\/div>\n\t\t<\/section>\n\t\t\t\t<section class=\"elementor-section elementor-top-section elementor-element elementor-element-7429ec6 elementor-section-boxed elementor-section-height-default elementor-section-height-default\" data-id=\"7429ec6\" data-element_type=\"section\">\n\t\t\t\t\t\t<div class=\"elementor-container elementor-column-gap-default\">\n\t\t\t\t\t<div class=\"elementor-column elementor-col-100 elementor-top-column elementor-element elementor-element-e1baf05\" data-id=\"e1baf05\" data-element_type=\"column\">\n\t\t\t<div class=\"elementor-widget-wrap elementor-element-populated\">\n\t\t\t\t\t\t\t\t<div class=\"elementor-element elementor-element-7910a12 elementor-widget elementor-widget-text-editor\" data-id=\"7910a12\" data-element_type=\"widget\" data-widget_type=\"text-editor.default\">\n\t\t\t\t<div class=\"elementor-widget-container\">\n\t\t\t\t\t\t\t<h4>Opiekun sekcji: p. Marta Doma\u0144ska<\/h4>\t\t\t\t\t\t<\/div>\n\t\t\t\t<\/div>\n\t\t\t\t\t<\/div>\n\t\t<\/div>\n\t\t\t\t\t\t\t<\/div>\n\t\t<\/section>\n\t\t\t\t<section class=\"elementor-section elementor-top-section elementor-element elementor-element-da13288 elementor-section-boxed elementor-section-height-default elementor-section-height-default\" data-id=\"da13288\" data-element_type=\"section\">\n\t\t\t\t\t\t<div class=\"elementor-container elementor-column-gap-default\">\n\t\t\t\t\t<div class=\"elementor-column elementor-col-100 elementor-top-column elementor-element elementor-element-5dac9f9\" data-id=\"5dac9f9\" data-element_type=\"column\">\n\t\t\t<div class=\"elementor-widget-wrap elementor-element-populated\">\n\t\t\t\t\t\t\t\t<div class=\"elementor-element elementor-element-fbb6e84 elementor-widget elementor-widget-text-editor\" data-id=\"fbb6e84\" data-element_type=\"widget\" data-widget_type=\"text-editor.default\">\n\t\t\t\t<div class=\"elementor-widget-container\">\n\t\t\t\t\t\t\t<p data-pm-slice=\"1 1 []\">Cze\u015b\u0107! Zach\u0119camy Ci\u0119 do zostania wolontariuszem w Naszym Szkolnym Kole Wolontariuszy.<\/p><p>Zosta\u0144 wolontariuszem i pomagaj razem z Nami!\u00a0<\/p><p>Czym si\u0119 zajmujemy?<\/p><p>Wolontariusze to osoby, kt\u00f3re dobrowolnie anga\u017cuj\u0105 si\u0119 w dzia\u0142ania na rzecz os\u00f3b potrzebuj\u0105cych,\u00a0bez wynagrodzenia. Ich motywacje mog\u0105 by\u0107 r\u00f3\u017cnorodne, od ch\u0119ci niesienia pomocy, przez pasj\u0119 do okre\u015blonych dzia\u0142a\u0144, a\u017c po ch\u0119\u0107 zdobycia nowych do\u015bwiadcze\u0144 czy umiej\u0119tno\u015bci. Wolontariusze mog\u0105 dzia\u0142a\u0107 w r\u00f3\u017cnych dziedzinach, takich jak:<\/p><p>1. Spo\u0142eczna pomoc- Wspieraj\u0105 osoby w trudnych sytuacjach \u017cyciowych, oferuj\u0105c pomoc praktyczn\u0105 lub emocjonaln\u0105. Pomoc ta odnosi si\u0119 g\u0142\u00f3wnie do przekazywania dar\u00f3w dla os\u00f3b potrzebuj\u0105cych.<\/p><p>2. Edukacja- Dzia\u0142aj\u0105 w szko\u0142ach, \u015bwietlicach czy organizacjach m\u0142odzie\u017cowych, pomagaj\u0105c dzieciom i m\u0142odzie\u017cy w nauce, organizuj\u0105c zaj\u0119cia pozalekcyjne czy prowadz\u0105c warsztaty.<\/p><p>3. Ekologia i ochrona \u015brodowiska- Anga\u017cuj\u0105 si\u0119 w akcje na rzecz ochrony przyrody, takie jak sprz\u0105tanie teren\u00f3w zielonych, sadzenie drzew czy promowanie ekologicznego stylu \u017cycia.<\/p><p>4. Wsparcie w sytuacjach kryzysowych- Reaguj\u0105 na potrzeby w sytuacjach kryzysowych, takich jak kl\u0119ski \u017cywio\u0142owe, oferuj\u0105c pomoc w organizacji pomocy, zbi\u00f3rkach czy udzielaniu wsparcia.<\/p><p>5. Kultura i sztuka- Anga\u017cuj\u0105 si\u0119 w organizacj\u0119 wydarze\u0144 kulturalnych, festiwali czy wystaw, wspieraj\u0105c lokalne inicjatywy artystyczne.<\/p><p>Wolontariusze cz\u0119sto \u0142\u0105cz\u0105 r\u00f3\u017cne grupy wiekowe i spo\u0142eczne, co sprzyja wymianie do\u015bwiadcze\u0144 i integracji. Ich praca ma ogromne znaczenie dla spo\u0142eczno\u015bci, w kt\u00f3rych dzia\u0142aj\u0105, a tak\u017ce wp\u0142ywa pozytywnie na ich osobisty rozw\u00f3j i poczucie przynale\u017cno\u015bci do spo\u0142ecze\u0144stwa.<\/p><p>Co roku bierzemy udzia\u0142 w wielu akcjach i kwestach, a m.in. w akcjach: Pom\u00f3\u017c Dzieciom Przetrwa\u0107 Zim\u0119, Zosta\u0144 \u015awi\u0119tym Miko\u0142ajem, Szlachetna Paczka oraz inne.<\/p><p>Do\u0142\u0105cz do Nas i razem z Nami pomagaj potrzebuj\u0105cym. To takie proste, a jak pi\u0119kne!\u00a0<\/p><div>\u00a0<\/div><div>Je\u017celi jeste\u015b zainteresowany, zg\u0142o\u015b si\u0119 do Nas.\u00a0<\/div>\t\t\t\t\t\t<\/div>\n\t\t\t\t<\/div>\n\t\t\t\t\t<\/div>\n\t\t<\/div>\n\t\t\t\t\t\t\t<\/div>\n\t\t<\/section>\n\t\t\t\t\t\t<\/div>\n\t\t\t\t\t<\/div>\n\t\t","protected":false},"excerpt":{"rendered":"<p>SZKOLNY KLUB WOLONTARIATU Poprzednie Nast\u0119pne Opiekun sekcji: p. Marta Doma\u0144ska Cze\u015b\u0107! Zach\u0119camy Ci\u0119 do zostania wolontariuszem w Naszym Szkolnym Kole Wolontariuszy. Zosta\u0144 wolontariuszem i pomagaj razem z Nami!\u00a0 Czym si\u0119 zajmujemy? Wolontariusze to osoby, kt\u00f3re dobrowolnie anga\u017cuj\u0105 si\u0119 w dzia\u0142ania na rzecz os\u00f3b potrzebuj\u0105cych,\u00a0bez wynagrodzenia. Ich motywacje mog\u0105 by\u0107 r\u00f3\u017cnorodne, od ch\u0119ci niesienia pomocy, przez [&hellip;]<\/p>\n","protected":false},"author":1,"featured_media":0,"parent":0,"menu_order":0,"comment_status":"closed","ping_status":"closed","template":"","meta":[],"_links":{"self":[{"href":"https:\/\/troczewski2.pl\/index.php\/wp-json\/wp\/v2\/pages\/4005"}],"collection":[{"href":"https:\/\/troczewski2.pl\/index.php\/wp-json\/wp\/v2\/pages"}],"about":[{"href":"https:\/\/troczewski2.pl\/index.php\/wp-json\/wp\/v2\/types\/page"}],"author":[{"embeddable":true,"href":"https:\/\/troczewski2.pl\/index.php\/wp-json\/wp\/v2\/users\/1"}],"replies":[{"embeddable":true,"href":"https:\/\/troczewski2.pl\/index.php\/wp-json\/wp\/v2\/comments?post=4005"}],"version-history":[{"count":20,"href":"https:\/\/troczewski2.pl\/index.php\/wp-json\/wp\/v2\/pages\/4005\/revisions"}],"predecessor-version":[{"id":10362,"href":"https:\/\/troczewski2.pl\/index.php\/wp-json\/wp\/v2\/pages\/4005\/revisions\/10362"}],"wp:attachment":[{"href":"https:\/\/troczewski2.pl\/index.php\/wp-json\/wp\/v2\/media?parent=4005"}],"curies":[{"name":"wp","href":"https:\/\/api.w.org\/{rel}","templated":true}]}}