{"id":7721,"date":"2024-02-13T09:19:10","date_gmt":"2024-02-13T08:19:10","guid":{"rendered":"https:\/\/troczewski2.pl\/?page_id=7721"},"modified":"2025-10-28T10:36:03","modified_gmt":"2025-10-28T09:36:03","slug":"rada-rodzicow","status":"publish","type":"page","link":"https:\/\/troczewski2.pl\/index.php\/rada-rodzicow\/","title":{"rendered":"RADA RODZIC\u00d3W"},"content":{"rendered":"\t\t<div data-elementor-type=\"wp-page\" data-elementor-id=\"7721\" class=\"elementor elementor-7721\" data-elementor-settings=\"[]\">\n\t\t\t\t\t\t\t<div class=\"elementor-section-wrap\">\n\t\t\t\t\t\t\t<section class=\"elementor-section elementor-top-section elementor-element elementor-element-a04a182 elementor-section-boxed elementor-section-height-default elementor-section-height-default\" data-id=\"a04a182\" data-element_type=\"section\">\n\t\t\t\t\t\t<div class=\"elementor-container elementor-column-gap-default\">\n\t\t\t\t\t<div class=\"elementor-column elementor-col-100 elementor-top-column elementor-element elementor-element-40670b3d\" data-id=\"40670b3d\" data-element_type=\"column\">\n\t\t\t<div class=\"elementor-widget-wrap elementor-element-populated\">\n\t\t\t\t\t\t\t\t<div class=\"elementor-element elementor-element-4b694be5 elementor-widget elementor-widget-text-editor\" data-id=\"4b694be5\" data-element_type=\"widget\" data-widget_type=\"text-editor.default\">\n\t\t\t\t<div class=\"elementor-widget-container\">\n\t\t\t\t\t\t\t<p><!-- wp:paragraph --><\/p>\n<h1 style=\"font-variant-caps: normal; font-family: Dosis; font-style: normal;\"><span style=\"font-size: 23px; text-decoration: underline;\">PREZYDIUM RADY<b style=\"font-size: 23px;\">&nbsp;RODZIC\u00d3W 2025\/2026<\/b><\/span><\/h1><h1><p style=\"font-variant-caps: normal; font-family: Dosis; font-size: 15px; font-style: normal; caret-color: rgb(74, 74, 74); color: rgb(74, 74, 74);\"><\/p><p style=\"font-variant-caps: normal; font-family: Dosis; font-size: 15px; font-style: normal; caret-color: rgb(74, 74, 74); color: rgb(74, 74, 74);\"><strong style=\"font-size: 15px;\">PRZEWODNICZ\u0104CA<\/strong>&nbsp;\u2013&nbsp;<em style=\"font-size: 15px;\">p.&nbsp;Anna Krygiel<\/em><\/p><p style=\"font-variant-caps: normal; font-family: Dosis; font-size: 15px; font-style: normal; caret-color: rgb(74, 74, 74); color: rgb(74, 74, 74);\"><\/p><p style=\"font-variant-caps: normal; font-family: Dosis; font-size: 15px; font-style: normal; caret-color: rgb(74, 74, 74); color: rgb(74, 74, 74);\"><strong style=\"font-size: 15px;\">WICEPRZEWODNICZ\u0104CA<\/strong>&nbsp;\u2013&nbsp;<strong style=\"font-size: 15px;\"><em style=\"font-size: 15px;\">p.&nbsp;Paulina Olczak<\/em><\/strong><\/p><p style=\"font-variant-caps: normal; font-family: Dosis; font-size: 15px; font-style: normal; caret-color: rgb(74, 74, 74); color: rgb(74, 74, 74);\"><strong style=\"font-size: 15px;\">SEKRETARZ<\/strong>&nbsp;\u2013&nbsp;<em style=\"font-size: 15px;\">p.&nbsp;Daniel Wi\u015bniewski<\/em><\/p><p style=\"font-variant-caps: normal; font-family: Dosis; font-size: 15px; font-style: normal; caret-color: rgb(74, 74, 74); color: rgb(74, 74, 74);\"><em style=\"font-size: 15px;\">SKARBNIK \u2013 p.&nbsp;Wioletta Ladorudzka<br><\/em><\/p><\/h1><h1 style=\"font-variant-caps: normal; font-family: Dosis; font-style: normal;\"><span style=\"font-size: 23px; text-decoration: underline;\"><b style=\"font-size: 23px;\">KOMISJA REWIZYJNA<\/b><\/span><\/h1><h1><div style=\"font-variant-caps: normal; font-family: Dosis; font-size: 15px; font-style: normal; caret-color: rgb(74, 74, 74); color: rgb(74, 74, 74);\"><em style=\"font-size: 15px;\">PRZEWODNICZ\u0104CA \u2013 p.&nbsp;Martyna Go\u0142\u0119biewska<\/em><\/div><div style=\"font-variant-caps: normal; font-family: Dosis; font-size: 15px; font-style: normal; caret-color: rgb(74, 74, 74); color: rgb(74, 74, 74);\"><i style=\"font-size: 15px;\"><strong style=\"font-size: 15px;\">CZ\u0141ONKOWIE:&nbsp;&nbsp;&nbsp;&nbsp;<\/strong><b style=\"font-size: 15px;\">p.&nbsp;Aneta Taglewska<br>&nbsp; &nbsp; &nbsp; &nbsp; &nbsp; &nbsp; &nbsp; &nbsp; &nbsp; &nbsp; &nbsp; &nbsp; &nbsp; &nbsp; &nbsp; &nbsp; p.Monika Zagrosik &nbsp;&nbsp;<\/b><\/i><\/div><\/h1><h1><span style=\"text-decoration: underline;\"><br><\/span><\/h1><h1><span style=\"text-decoration: underline;\"><br><\/span><\/h1><h1><span style=\"text-decoration: underline;\">RADA<b> RODZIC\u00d3W 2024\/2025<\/b><\/span><\/h1>\n<p><\/p>\n<p><strong>PRZEWODNICZ\u0104CA<\/strong> &#8211; <em><strong>p. Anna Krygiel<\/strong> <\/em><\/p>\n<p><\/p>\n<p><strong>WICEPRZEWODNICZ\u0104CA<\/strong> &#8211; <strong><em>p. Paulina Olczak<\/em> <\/strong><\/p>\n<p><strong>SEKRETARZ<\/strong> &#8211; <em><strong>p. Tomasz Murawski<\/strong><\/em><\/p>\n<p><em><strong>SKARBNIK &#8211; p. Anna Ladorudzka<br><\/strong><\/em><\/p>\n<h1><span style=\"text-decoration: underline;\"><b>KOMISJA REWIZYJNA<\/b><\/span><\/h1>\n<div><em><strong>PRZEWODNICZ\u0104CA &#8211; p. Agnieszka Runiewicz<\/strong><\/em><\/div>\n<div><i><strong>CZ\u0141ONKOWIE:&nbsp;&nbsp;&nbsp; <\/strong><b>p. Anna Zych<br>&nbsp;&nbsp;&nbsp;&nbsp;&nbsp;&nbsp;&nbsp;&nbsp;&nbsp;&nbsp;&nbsp;&nbsp;&nbsp;&nbsp;&nbsp;&nbsp;&nbsp;&nbsp;&nbsp;&nbsp;&nbsp;&nbsp;&nbsp;&nbsp;&nbsp;&nbsp;&nbsp;&nbsp;&nbsp;&nbsp;&nbsp;&nbsp;&nbsp;&nbsp;&nbsp;&nbsp;&nbsp;&nbsp;&nbsp;&nbsp;&nbsp;&nbsp;&nbsp; p.Karolina Michalak<br><\/b><\/i><\/div>\n<div>&nbsp;<\/div>\n<h1>&nbsp;<\/h1>\n<h1>&nbsp;<\/h1>\n<h1><span style=\"text-decoration: underline;\"><b>RADA<\/b><b> RODZIC\u00d3W 2023\/2024<\/b><\/span><\/h1>\n<p><!-- \/wp:paragraph --><\/p>\n<p><!-- wp:paragraph --><\/p>\n<p><strong>PRZEWODNICZ\u0104CA<\/strong> &#8211; <em><strong>p. Anna Krygiel<\/strong> <\/em><\/p>\n<p><!-- \/wp:paragraph --><\/p>\n<p><!-- wp:paragraph --><\/p>\n<p><strong>WICEPRZEWODNICZ\u0104CA<\/strong> &#8211; <strong><em>p. Agnieszka Runiewicz<\/em> <\/strong><\/p>\n<p><strong>SEKRETARZ<\/strong> &#8211; <em><strong>p. Paulina Olczak<\/strong><\/em><\/p>\n<h1><span style=\"text-decoration: underline;\"><b>KOMISJA REWIZYJNA<\/b><\/span><\/h1>\n<p><em><strong>p.&nbsp; Wioletta Ladorudzka<\/strong><\/em><\/p>\n<p><em><strong>p. Agnieszka Biernacka<\/strong><\/em><\/p>\n<p><em><strong>p.&nbsp; Micha\u0142 Andrzejewski<\/strong><\/em><\/p>\n<h1>&nbsp;<\/h1>\n<h1><span style=\"text-decoration: underline;\"><strong>NUMER KONTA DO WP\u0141AT&nbsp; NA RAD\u0118 RODZIC\u00d3W:<\/strong><\/span><\/h1>\n<h2><strong>BANK PEKAO SA II O\/KUTNO&nbsp;&nbsp; 42 1240 1734 1111 0010 0053 8388<\/strong><\/h2>\n<div>W tytule nale\u017cy zamie\u015bci\u0107 imi\u0119, nazwisko i klas\u0119 ucznia.<\/div>\n<p><!-- \/wp:paragraph --><\/p>\t\t\t\t\t\t<\/div>\n\t\t\t\t<\/div>\n\t\t\t\t\t<\/div>\n\t\t<\/div>\n\t\t\t\t\t\t\t<\/div>\n\t\t<\/section>\n\t\t\t\t\t\t<\/div>\n\t\t\t\t\t<\/div>\n\t\t","protected":false},"excerpt":{"rendered":"<p>PREZYDIUM RADY&nbsp;RODZIC\u00d3W 2025\/2026 PRZEWODNICZ\u0104CA&nbsp;\u2013&nbsp;p.&nbsp;Anna Krygiel WICEPRZEWODNICZ\u0104CA&nbsp;\u2013&nbsp;p.&nbsp;Paulina Olczak SEKRETARZ&nbsp;\u2013&nbsp;p.&nbsp;Daniel Wi\u015bniewski SKARBNIK \u2013 p.&nbsp;Wioletta Ladorudzka KOMISJA REWIZYJNA PRZEWODNICZ\u0104CA \u2013 p.&nbsp;Martyna Go\u0142\u0119biewskaCZ\u0141ONKOWIE:&nbsp;&nbsp;&nbsp;&nbsp;p.&nbsp;Aneta Taglewska&nbsp; &nbsp; &nbsp; &nbsp; &nbsp; &nbsp; &nbsp; &nbsp; &nbsp; &nbsp; &nbsp; &nbsp; &nbsp; &nbsp; &nbsp; &nbsp; p.Monika Zagrosik &nbsp;&nbsp; RADA RODZIC\u00d3W 2024\/2025 PRZEWODNICZ\u0104CA &#8211; p. Anna Krygiel WICEPRZEWODNICZ\u0104CA &#8211; p. Paulina Olczak SEKRETARZ &#8211; p. Tomasz [&hellip;]<\/p>\n","protected":false},"author":1,"featured_media":0,"parent":0,"menu_order":0,"comment_status":"closed","ping_status":"closed","template":"","meta":[],"_links":{"self":[{"href":"https:\/\/troczewski2.pl\/index.php\/wp-json\/wp\/v2\/pages\/7721"}],"collection":[{"href":"https:\/\/troczewski2.pl\/index.php\/wp-json\/wp\/v2\/pages"}],"about":[{"href":"https:\/\/troczewski2.pl\/index.php\/wp-json\/wp\/v2\/types\/page"}],"author":[{"embeddable":true,"href":"https:\/\/troczewski2.pl\/index.php\/wp-json\/wp\/v2\/users\/1"}],"replies":[{"embeddable":true,"href":"https:\/\/troczewski2.pl\/index.php\/wp-json\/wp\/v2\/comments?post=7721"}],"version-history":[{"count":12,"href":"https:\/\/troczewski2.pl\/index.php\/wp-json\/wp\/v2\/pages\/7721\/revisions"}],"predecessor-version":[{"id":10976,"href":"https:\/\/troczewski2.pl\/index.php\/wp-json\/wp\/v2\/pages\/7721\/revisions\/10976"}],"wp:attachment":[{"href":"https:\/\/troczewski2.pl\/index.php\/wp-json\/wp\/v2\/media?parent=7721"}],"curies":[{"name":"wp","href":"https:\/\/api.w.org\/{rel}","templated":true}]}}